 65411?
False
Does 12 divide 808739?
False
Does 79 divide 514764?
True
Is 25 a factor of 1844050?
True
Does 10 divide 388399?
False
Is 16 a factor of 495616?
True
Is 3 a factor of 604965?
True
Is 4554238 a multiple of 26?
True
Does 82 divide 235340?
True
Does 21 divide 57574?
False
Does 588 divide 11857608?
True
Is 431120 a multiple of 40?
True
Is 106680 a multiple of 20?
True
Is 15 a factor of 3129764?
False
Is 42 a factor of 4749652?
False
Does 24 divide 163986?
False
Is 20 a factor of 1897393?
False
Does 82 divide 1164400?
True
Is 21 a factor of 12569325?
False
Does 308 divide 1712293?
False
Is 114 a factor of 500916?
True
Is 154 a factor of 2938373?
False
Is 12 a factor of 912785?
False
Is 629 a factor of 1454199?
False
Is 20369752 a multiple of 52?
True
Does 43 divide 502057?
False
Does 9 divide 51019?
False
Does 9 divide 153594?
True
Is 75162 a multiple of 3?
True
Is 412756 a multiple of 19?
True
Is 149479 a multiple of 13?
False
Is 14 a factor of 17482570?
True
Is 30 a factor of 816927?
False
Does 547 divide 48683?
True
Is 4 a factor of 20552?
True
Does 307 divide 91179?
True
Does 349 divide 16347160?
True
Does 887 divide 2700915?
True
Is 414973 a multiple of 137?
True
Does 61 divide 1471507?
False
Does 28 divide 559076?
True
Is 552156 a multiple of 47?
True
Is 3845510 a multiple of 5?
True
Is 325 a factor of 102787?
False
Is 6277770 a multiple of 54?
True
Is 453755 a multiple of 5?
True
Is 164 a factor of 4969261?
False
Is 1781 a factor of 5195973?
False
Does 191 divide 61311?
True
Is 160875 a multiple of 13?
True
Is 7 a factor of 99680?
True
Is 28 a factor of 2470154?
False
Is 9504795 a multiple of 26?
False
Does 44 divide 335006?
False
Is 238 a factor of 5526930?
False
Is 1065480 a multiple of 120?
True
Is 335972 a multiple of 142?
True
Is 1262727 a multiple of 167?
False
Is 10 a factor of 95593?
False
Is 138756 a multiple of 4?
True
Does 499 divide 2326338?
True
Is 28858 a multiple of 94?
True
Is 559650 a multiple of 350?
True
Is 24969 a multiple of 25?
False
Does 4 divide 223199?
False
Is 114 a factor of 595764?
True
Is 15 a factor of 2460?
True
Is 1291290 a multiple of 330?
True
Is 12 a factor of 269164?
False
Does 52 divide 129019?
False
Is 6772350 a multiple of 25?
True
Does 604 divide 1654897?
False
Is 52730 a multiple of 3?
False
Is 8214137 a multiple of 511?
False
Is 30 a factor of 33933?
False
Is 16 a factor of 6769?
False
Does 419 divide 918637?
False
Does 11 divide 207449?
True
Is 22 a factor of 161048?
False
Does 6 divide 413927?
False
Is 121 a factor of 523645?
False
Does 8 divide 837904?
True
Does 3 divide 302421?
True
Does 245 divide 284149?
False
Does 19 divide 228760?
True
Does 287 divide 16931?
False
Does 7 divide 405237?
True
Does 54 divide 1691036?
False
Is 189 a factor of 144396?
True
Is 13 a factor of 38324?
True
Does 5 divide 29855?
True
Is 597240 a multiple of 948?
True
Is 9 a factor of 11016?
True
Does 21 divide 18854?
False
Is 2423715 a multiple of 9?
False
Is 19 a factor of 48013?
True
Is 1291310 a multiple of 27?
False
Does 97 divide 20843?
False
Does 20 divide 80399?
False
Is 242315 even?
False
Is 849236 a multiple of 15?
False
Is 58020 a multiple of 30?
True
Is 29 a factor of 2977836?
True
Is 158 a factor of 165452?
False
Does 22 divide 22308?
True
Is 20909319 a multiple of 15?
False
Is 325 a factor of 19409248?
False
Does 9 divide 909342?
True
Is 141047 a multiple of 27?
False
Does 511 divide 1674456?
False
Does 36 divide 25956?
True
Is 3 a factor of 579360?
True
Is 5814 a multiple of 9?
True
Is 7 a factor of 609728?
True
Is 13 a factor of 110016?
False
Does 369 divide 6671007?
False
Does 26 divide 1291810?
True
Is 24 a factor of 299352?
True
Is 73 a factor of 248878?
False
Is 231 a factor of 1043798?
False
Does 339 divide 6713556?
True
Is 180975 a multiple of 57?
True
Is 233 a factor of 1292451?
True
Does 22 divide 9109642?
False
Is 11098612 a multiple of 14?
True
Does 45 divide 3795?
False
Is 11 a factor of 117750?
False
Is 210141 a multiple of 43?
True
Does 6 divide 22640?
False
Does 28 divide 2837744?
True
Is 88 a factor of 5319537?
False
Is 302 a factor of 98193?
False
Is 222 a factor of 270919?
False
Does 21 divide 11522675?
False
Is 98935 a multiple of 47?
True
Is 95 a factor of 204630?
True
Is 2515610 a multiple of 9?
False
Does 11 divide 923302?
False
Is 11 a factor of 1979435?
False
Is 1133824 a multiple of 128?
True
Does 274 divide 4533330?
True
Is 167139 a multiple of 157?
False
Is 44 a factor of 10345192?
True
Does 228 divide 40128?
True
Does 96 divide 377472?
True
Is 16 a factor of 62512?
True
Is 121368 a multiple of 8?
True
Is 610589 a multiple of 733?
True
Is 28 a factor of 67867?
False
Is 241 a factor of 4878081?
True
Is 41 a factor of 3297255?
False
Is 44 a factor of 54398?
False
Is 52 a factor of 2711384?
True
Is 3 a factor of 15518?
False
Does 25 divide 309675?
True
Does 99 divide 179091?
True
Does 3 divide 731198?
False
Does 2 divide 821098?
True
Is 2233220 a multiple of 453?
False
Is 8 a factor of 66200?
True
Is 153633 a multiple of 83?
True
Does 13 divide 344948?
False
Is 3411921 a multiple of 43?
True
Is 459184 a multiple of 22?
True
Does 13 divide 37141?
True
Is 1736722 a multiple of 13?
True
Does 7 divide 18497?
False
Does 8 divide 98789?
False
Is 128910 a multiple of 54?
False
Does 197 divide 461571?
True
Does 6 divide 60631?
False
Does 13 divide 489944?
True
Does 6 divide 3742436?
False
Is 12819740 a multiple of 1922?
True
Is 534934 a multiple of 46?
True
Is 2698700 a multiple of 28?
False
Is 111 a factor of 488178?
True
Is 417172 a multiple of 47?
True
Does 907 divide 1132296?
False
Is 50 a factor of 312867?
False
Is 529581 a multiple of 13?
True
Does 34 divide 79882?
False
Is 6 a factor of 708960?
True
Is 32 a factor of 792032?
True
Is 22 a factor of 2032030?
True
Does 55 divide 543345?
True
Is 9764186 a multiple of 403?
False
Does 19 divide 64295?
False
Does 167 divide 818300?
True
Does 75 divide 436650?
True
Does 400 divide 24913600?
True
Is 190 a factor of 415340?
True
Does 1664 divide 3322656?
False
Is 785068 a multiple of 50?
False
Is 178350 a multiple of 132?
False
Is 368 a factor of 12971029?
False
Is 8 a factor of 63677?
False
Is 438 a factor of 186181?
False
Is 2187 a multiple of 195?
False
Does 304 divide 6316115?
False
Does 16 divide 218704?
True
Is 87276 a multiple of 14?
True
Is 116 a factor of 11235?
False
Is 184 a factor of 160336?
False
Does 26 divide 2545289?
False
Is 14904 a multiple of 25?
False
Is 56 a factor of 98952?
True
Does 348 divide 1348766?
False
Is 263092 a multiple of 203?
False
Is 337 a factor of 15011?
False
Is 122 a factor of 36722?
True
Is 2008 a factor of 9151771?
False
Does 15 divide 3881559?
False
Is 660 a factor of 6991380?
True
Is 116 a factor of 947817?
False
Is 10 a factor of 32060?
True
Does 255 divide 813450?
True
Is 4039 a multiple of 411?
False
Is 142955 a multiple of 29?
False
Does 744 divide 1179984?
True
Is 23 a factor of 263641?
False
Does 10 divide 3472030?
True
Does 297 divide 3049934?
False
Does 20 divide 23026?
False
Is 280 a factor of 342440?
True
Does 3 divide 11731?
False
Is 51525 a multiple of 25?
True
Is 108736 a multiple of 92?
False
Does 6 divide 47112?
True
Is 35159 a multiple of 73?
False
Is 108588 even?
True
Is 1029 a multiple of 147?
True
Is 79 a factor of 3283793?
True
Is 39725 a multiple of 7?
True
Is 94 a factor of 7211586?
True
Is 60 a factor of 1439100?
True
Is 19 a factor of 1312373?
False
Is 641268 a multiple of 17?
False
Does 54 divide 36558?
True
Does 22 divide 46530?
True
Does 313 divide 304044?
False
Does 6 divide 733925?
False
Does 157 divide 4769189?
True
Does 910 divide 521430?
True
Is 1287073 a multiple of 121?
False
Does 474 divide 18520?
False
Does 756 divide 987142?
False
Is 13 a factor of 16695160?
False
Does 8 divide 161301?
False
Does 12 divide 918771?
False
Does 357 divide 9232789?
False
Is 166534 a multiple of 52?
False
Is 89 a factor of 202530?
False
Is 1130 a factor of 907536?
False
Is 230 a factor of 2190798?
False
Is 375261 a multiple of 259?
False
Is 369 a factor of 80073?
True
Does 459 divide 7156269?
True
Does 8 divide 775304?
True
Is 447360 a multiple of 96?
True
Is 11275 a multiple of 6?
False
Is 1019 a factor of 7435643?
True
Is 66105 a multiple of 195?
True
Is 355 a factor